. Calculate f(79).
-457
Let x(r) = -r**2 - 419*r - 29522. Give x(-330).
-152
Let p(k) = -k**2 - 19611*k - 10871847. Determine p(-571).
-7
Let m(f) = -f**3 + 173*f**2 - 119*f + 20136. Calculate m(173).
-451
Let y(n) = 256910*n + 1284532. Give y(-5).
-18
Let m(o) = -o**3 - 16*o**2 - 954*o - 11880. What is m(-13)?
15
Let a(y) = -21*y**2 - 567*y + 2139. Give a(4).
-465
Let b(h) = -2*h**3 + 41*h**2 - 238*h + 20. What is b(11)?
-299
Let b(j) = 672*j + 76047. What is b(-113)?
111
Let b(x) = -x**3 - 341*x**2 - 5188*x + 3897. What is b(-325)?
-3
Let q(p) = -5*p**2 - 5811*p + 46802. Determine q(8).
-6
Let t(c) = -10*c**2 - 462*c - 102. Determine t(-45).
438
Let f(r) = -r**3 - 68*r**2 + 662*r - 487. Determine f(8).
-55
Let s(t) = -1794*t + 312151. Determine s(174).
-5
Let y(s) = -1189*s - 171186. Calculate y(-144).
30
Let l(h) = 6*h**2 - 1327*h - 9344. Calculate l(228).
4
Let c(o) = -156*o**2 + 1485*o + 47. Give c(9).
776
Let s(f) = -3*f**3 + 335*f**2 + 1869*f + 336. Determine s(117).
-15
Let f(g) = 5*g**3 + 22*g**2 - 3565*g + 89. What is f(-29)?
31
Let z(p) = 11627*p + 534848. Determine z(-46).
6
Let f(v) = -12232289*v + 12232292. Give f(1).
3
Let x(l) = -33*l**2 + 288*l - 14. Determine x(9).
-95
Let p(s) = s**2 - 17527*s - 456296. Calculate p(-26).
82
Let j(s) = -396*s + 39001. What is j(98)?
193
Let d(f) = 44*f**2 + 1472*f - 3032. Determine d(2).
88
Let t(r) = -r**3 + 168*r**2 - 3442*r - 97. Calculate t(24).
239
Let i(w) = -w**3 + 29*w**2 + 397*w - 1143. Give i(-12).
-3
Let k(o) = -o**3 + 31*o**2 + 257*o + 220. Give k(38).
-122
Let z(c) = 3*c**3 + 129*c**2 + 132*c + 209. What is z(-42)?
-43
Let q(a) = -494*a**2 - 6298*a - 9495. Calculate q(-11).
9
Let s(r) = -r**3 - r**2 + 103*r + 812. Calculate s(-7).
385
Let r(k) = -3942*k - 1056447. Give r(-268).
9
Let i(z) = 23*z - 3148. Give i(151).
325
Let x(o) = 7982*o + 81143. Give x(-10).
1323
Let u(n) = -2*n**2 - 9573*n - 114481. Calculate u(-12).
107
Let n(f) = -4*f**2 - 1840*f - 9108. What is n(-5)?
-8
Let u(p) = -23387*p - 143230. What is u(-6)?
-2908
Let o(y) = y**2 + 18667*y - 1104832. Give o(59).
2
Let d(i) = -i**2 + 789*i + 23051. What is d(-28)?
175
Let k(x) = -4*x**3 - 646*x**2 + 3210*x + 35. Determine k(5).
-565
Let f(j) = 3842*j - 8901925. Give f(2317).
-11
Let y(l) = -l**3 - 12*l**2 + 152*l + 1582. What is y(-12)?
-242
Let f(v) = -6408*v - 1544327. What is f(-241)?
1
Let x(g) = -g**3 - 25*g**2 + 74*g + 2823. What is x(-20)?
-657
Let u(k) = -2094*k + 9312. What is u(4)?
936
Let g(q) = -3*q**3 + 30*q**2 + 357*q - 16. Give g(16).
1088
Let l(s) = -s**3 + 19*s**2 + 2495*s - 60130. What is l(26)?
8
Let h(t) = 3*t**3 + 216*t**2 + 209*t - 53. What is h(-71)?
231
Let j(o) = -11*o**2 + 1758*o - 3071. Determine j(158).
89
Let q(r) = -r**3 - 34*r**2 + 3401*r + 115566. Calculate q(-34).
-68
Let r(v) = -5*v**2 - 1220*v + 48956. Determine r(-279).
131
Let u(n) = -36*n**3 + 142*n**2 + 3*n + 20. Calculate u(4).
0
Let g(r) = 21*r**3 - 44*r**2 - 152. What is g(6)?
2800
Let n(a) = -4879*a + 278061. Determine n(57).
-42
Let l(m) = -117*m**3 - 2*m**2 - 11*m - 6. Give l(-2).
944
Let r(i) = 5*i**3 - 30*i**2 + 15*i - 76. Determine r(6).
14
Let i(c) = c**3 + 44*c**2 - 83*c + 288. Determine i(-46).
-126
Let m(t) = -t**3 + 286*t**2 + 623*t - 12869. Calculate m(288).
667
Let r(h) = -h**3 - 16*h**2 + 413*h - 173. What is r(-30)?
37
Let w(v) = 1287*v - 18248. Give w(14).
-230
Let g(j) = 685*j - 15418. What is g(23)?
337
Let c(y) = -212*y**3 - 839*y**2 + 4*y - 11. Calculate c(-4).
117
Let h(p) = 26335*p + 2422822. What is h(-92)?
2
Let b(a) = 5*a**2 - 2080*a + 168326. Give b(306).
26
Let z(g) = 2644*g + 2608. What is z(-1)?
-36
Let v(o) = 2082*o - 171003. Give v(82).
-279
Let x(p) = p**3 + 40*p**2 + 269*p - 292. Give x(-10).
18
Let x(v) = v**2 - 143*v + 459. Give x(27).
-2673
Let a(n) = -3688*n - 575312. What is a(-156)?
16
Let p(k) = -471*k - 2441. Give p(-5).
-86
Let u(i) = 16471*i + 592972. Give u(-36).
16
Let t(g) = 551*g - 47918. Give t(87).
19
Let i(m) = -m**2 - 166*m + 26085. Calculate i(98).
213
Let v(a) = -124*a + 23721. Determine v(196).
-583
Let w(o) = 145*o - 14602. Calculate w(101).
43
Let u(r) = -r**3 + 4*r - 333. Calculate u(-7).
-18
Let d(n) = 192*n**2 - 2311*n + 74. Determine d(12).
-10
Let w(u) = 7677*u + 10862933. Calculate w(-1415).
-22
Let b(n) = n**2 + 6968*n - 258952. Determine b(37).
233
Let i(p) = 6843*p - 102631. Calculate i(15).
14
Let i(g) = -264*g**2 - 49*g + 21. What is i(2)?
-1133
Let m(l) = 30*l - 6693. Determine m(219).
-123
Let b(j) = -j**3 + 28*j**2 + 476*j - 49. Determine b(39).
1784
Let a(m) = -39292*m - 275933. Calculate a(-7).
-889
Let c(k) = -33066*k - 991923. What is c(-30)?
57
Let m(g) = -25*g**2 - 1721*g + 1992. Determine m(-70).
-38
Let i(m) = -56*m**3 + 20*m**2 - 245*m + 481. Give i(2).
-377
Let f(p) = -25049*p - 23583. Give f(-1).
1466
Let h(i) = 20*i**2 + 4009*i - 12098. Calculate h(3).
109
Let g(s) = s**3 - 87*s**2 - 3963*s + 356475. Calculate g(83).
-10
Let i(p) = 10*p**2 - 945*p - 6591. What is i(101)?
-26
Let n(j) = j**3 - 241*j**2 - 1073*j + 22591. Give n(245).
-194
Let r(j) = -j**3 - 3661*j**2 - j + 6. Determine r(0).
6
Let k(a) = 3*a**3 + 44*a**2 - 1942*a - 28908. Calculate k(-15).
-3
Let u(f) = -16*f**2 - 53*f + 422. Determine u(8).
-1026
Let c(l) = -2*l**3 - 6*l**2 + 90*l - 309. Determine c(-12).
1203
Let c(w) = -w**2 - 730*w + 17526. Determine c(23).
207
Let q(r) = -3*r**3 + 175*r**2 + 488*r + 5. Give q(61).
5
Let p(b) = b**2 + 509*b + 63923. Give p(-226).
-35
Let a(l) = -69*l + 11556. What is a(142)?
1758
Let v(x) = x**3 + 39*x**2 + 822*x + 28487. Determine v(-38).
-1305
Let o(y) = 4*y**3 + 187*y**2 + 142*y + 124. What is o(-46)?
-60
Let p(m) = -495*m + 2222. What is p(4)?
242
Let l(i) = 189*i - 50108. Calculate l(240).
-4748
Let f(o) = o**3 - 197*o**2 + 1038*o - 308. Give f(5).
82
Let h(j) = 1468*j**2 - 18987*j - 1261. Give h(13).
0
Let b(x) = x**3 + 47364*x**2 - 6*x. Determine b(0).
0
Let s(i) = 2095*i + 425375. Give s(-203).
90
Let z(o) = 12*o**2 - 662*o - 26. Calculate z(55).
-136
Let s(o) = -8407*o + 109286. Give s(13).
-5
Let l(w) = 17*w**3 - 124*w**2 - 71*w - 136. Determine l(8).
64
Let q(p) = 2*p**2 - 61445*p + 16504719. Give q(271).
6
Let o(g) = 20362*g + 733. Give o(0).
733
Let d(h) = h**3 + 31*h**2 - 52*h - 192. Determine d(-32).
448
Let n(x) = -69*x**2 + 1579*x - 90. Give n(23).
-274
Let j(h) = -2861*h + 118301. Determine j(41).
1000
Let r(v) = -1035*v + 11120. Determine r(6).
4910
Let d(f) = 9*f**3 - 100*f**2 + 599*f - 9. Determine d(7).
2371
Let o(y) = y**3 - 3*y**2 - 83*y + 295. Determine o(-10).
-175
Let k(b) = -100*b**2 + 4009*b - 348. What is k(40)?
12
Let y(g) = 5*g**2 - 1159*g + 65565. Determine y(98).
3
Let m(r) = -463*r**2 - 634*r - 633. What is m(-1)?
-462
Let y(a) = -a**3 + 41*a**2 - 36*a + 167. Calculate y(4).
615
Let x(l) = -1600*l - 19121. Give x(-12).
79
Let u(z) = 139*z + 1330. Determine u(-19).
-1311
Let c(s) = 2*s**2 + 273*s + 3880. Determine c(-119).
-285
Let z(h) = -2*h**3 + 14*h**2 + 181*h + 183. Calculate z(-6).
33
Let d(f) = -f**2 + 13709*f - 136997. Determine d(10).
-7
Let r(w) = -w**3 + 836*w**2 + 6809*w + 450. Determine r(-8).
-6
Let r(f) = 31234*f + 93450. What is r(-3)?
-252
Let l(x) = -25*x**2 + 1484*x - 562. What is l(59)?
-31
Let o(s) = -6688*s - 113662. Determine o(-17).
34
Let o(q) = q**3 - 18*q**2 + 130*q - 113. Give o(11).
470
Let z(t) = 12*t**3 + 1346*t**2 + 224*t + 15. Give z(-112).
15
Let w(t) = -24654*t - 49721. Determine w(-2).
-413
Let t(i) = i**2 + 8252*i - 41274. Determine t(5).
11
Let i(a) = 230*a - 9396. Give i(31).
-2266
Let p(i) = -2*i**3 - 317*i**2 - 470*i + 269. Calculate p(-157).
112
Let j(h) = 16*h**2 - 273*h + 1113. Calculate j(11).
46
Let d(g) = -2*g**3 + 44*g**2 - 107*g - 659. Give d(18).
7
Let z(s) = -263*s**2 - 47267*s - 47267. Calculate z(-1).
-263
Let w(q) = 2019*q + 72985. Calculate w(-36).
301
Let y(d) = 4669*d**2 + 177424*d + 29. Give y(-38).
-47
Let v(p) = p**3 - 27567*p**2 - 110284*p + 3. Determine v(-4).
3
Let y(c) = -c**3 + 24*c**2 - 72*c + 1500. Determine y(24).
-228
Let h(i) = 4*i**2 - 193*i - 3339. What is h(-15)?
456
Let f(r) = -94*r**3 - 1974*r**2 - 14*r - 274. What is f(-21)?
20
Let w(a) = 2*a**2 + 1107*a - 27863. Calculate w(24).
-143
Let v(z) = z**2 + 22250*z + 133485. Determine v(